o = 5*t - 16. What is the remainder when m is divided by o?
5
Suppose -21*x + 351 = 6*x. Suppose -x*c + 820 + 272 = 0. What is the remainder when 332 is divided by c?
80
Suppose -125*l + 38*l - 1363 = -3712. What is the remainder when 2330 is divided by l?
8
What is the remainder when 171 is divided by 98/147*189/2?
45
Let j(u) = 7*u**2 - 2*u + 9*u - 8 + 9*u. Let m(i) = i**2 - 1. Let b(l) = -j(l) + 6*m(l). What is the remainder when b(-8) is divided by 25?
16
Let o(m) = -m**3 + 102. Let b(c) = -61*c + 1125. What is the remainder when o(0) is divided by b(18)?
21
Let i(s) = -20*s**3 + 2*s**2 - 10*s - 90. Calculate the remainder when i(-4) is divided by 11.
8
Suppose 4*g = -5*i + g - 472, -2*i + 4*g = 194. Let y = -105 - i. Calculate the remainder when (-8)/y + (-1520)/(-100) is divided by 9.
7
Let a = -146786 - -147210. Let j(u) = u**2 + 3*u + 7. Calculate the remainder when a is divided by j(-5).
16
Suppose -17 = -3*y - 5*h, -72*y + h = -78*y + 79. What is the remainder when 2987 is divided by y?
5
Let j(o) = -o**3 + 7*o**2 + 11*o - 7. Let p be j(5). Suppose 8*u - 191 = -2*c + 3*u, 109 = c - 2*u. Let n = c - p. What is the remainder when 9 is divided by n?
4
Let t(j) = -2*j**3 + 111*j**2 - 364*j + 9. Calculate the remainder when 2465 is divided by t(52).
8
Let g = 19179 + -18142. Calculate the remainder when g is divided by 282.
191
Let g(q) = -q**2 + 8*q + 20. Let m be g(-2). Calculate the remainder when (m - (5 - 0)*1) + 224 is divided by 20.
19
Let f be (7 - (-169)/(-26))/(2/(-8)). What is the remainder when ((-195)/9 + -2)*(-1 + f) is divided by 15?
11
Suppose -232*p + 209*p = -3818. Calculate the remainder when p is divided by 146.
20
Let v be 13*2/(-12)*-6. Let u(i) = i**2 - 12*i - 2. Let l be u(v). Suppose 30*z - 31*z = -l. What is the remainder when 86 is divided by z?
9
Let c = -5 - 157. Let g = 217 + c. What is the remainder when g is divided by 14?
13
Suppose 2153 + 6624 = 67*n. Calculate the remainder when 445 is divided by n.
52
Let f be (-4)/(-14) - (-484)/(-28). Suppose 104 = -10*s + 6*s. What is the remainder when f*(s/22 - (-2)/11) is divided by 8?
1
What is the remainder when (-146)/((-784)/(-44) - 18) is divided by 266?
5
Suppose 668*f - 693*f = -9 - 916. Calculate the remainder when 1588 is divided by f.
34
Let c be 2 - ((-6)/(-18))/((-1)/1509). Let a be (c/(-10)*2)/1. Let d = -40 - a. What is the remainder when d is divided by 21?
19
Let g = 397 + -664. What is the remainder when 5 - g*6/9 is divided by 85?
13
Let x(v) = v**3 - 9*v**2 - v + 5. Let g be x(9). Let t be (-3192)/(-39) - g/26. Suppose 10*a - 12*a = -t. What is the remainder when 121 is divided by a?
39
Let n = -1507 + 1612. What is the remainder when 408 is divided by n?
93
Let a(w) = 2*w - 4. Let n be a(4). What is the remainder when 360/n + 2 - 3 is divided by (-47)/6*-2 + 128/(-192)?
14
Suppose -280 = -4*l + 2*d, 3*l + 4*d - 260 = -72. Suppose -2*u - l = -3*q, -5*q + u = -u - 108. What is the remainder when 231/24*2*4 is divided by q?
17
Let g(z) = z**3 + 5*z**2 - 2*z + 6. Suppose u + 5*o = 41, 18*o + 20 = 13*o. What is the remainder when u is divided by g(-5)?
13
Suppose 34*h + 12 = 37*h. Suppose -5*j - 189 = -l - 2*l, -3*l - h*j = -162. Calculate the remainder when 15 is divided by (3/21)/(-1) - l/(-14).
3
Let h = 50 + -16. Suppose -h = -754*l + 752*l. Calculate the remainder when l is divided by 2.
1
Let t(h) = 22*h**2 + 4*h + 4. Let r = 22 + -24. Let c be t(r). Suppose 8*u = 14*u - c. What is the remainder when 52 is divided by u?
10
Suppose -3*r + 2*b - 31 = -8, 3*b - 24 = 3*r. Let j = 108 + -81. Calculate the remainder when (-1002)/(-21) - 2/r is divided by j.
21
Let p = -356 + 357. Suppose p = -l, -c + 0*l - 3*l = -9. Calculate the remainder when 17 is divided by c.
5
Let v be (1/1*-1)/((-5)/10). Suppose -q + 3*q = 2*f - v, -5*q = f + 5. Suppose g - 4 = f, -7*g - 28 = -4*t - 3*g. What is the remainder when 41 is divided by t?
8
Let c be (-10)/(-20)*16/2. Suppose -121 = 3*a - c*a. Let i = 1924 + -1899. What is the remainder when a is divided by i?
21
Let l = 26932 + -18380. What is the remainder when l is divided by 23?
19
Let u be (-57)/95 - ((-36)/10 - 1). What is the remainder when (-1)/(4*u/(-800)) is divided by -1 + 2 + 60/6?
6
Let s be (-1 - -5)*-1*2. What is the remainder when 166 is divided by (102/s)/1*16/(-6)?
30
Let n(z) = -z**2 + 12*z + 455. What is the remainder when n(-13) is divided by 91?
39
Suppose -d = s - 33, -2 + 50 = d - 4*s. Suppose 44 - d = 2*a. Suppose -3*p - 46 = -2*b + p, -a*b + p = -85. Calculate the remainder when 82 is divided by b.
19
Let t = 351 + -347. Suppose -3*f + 93 = 3*y, 5*f - 182 = -0*f + t*y. What is the remainder when 235 is divided by f?
31
Suppose -41*i + 52*i - 55 = 0. What is the remainder when 46 is divided by i?
1
Let l = 1457 + -1392. What is the remainder when 241 is divided by l?
46
What is the remainder when 266 is divided by (-20 + 21)/(3/141)?
31
Suppose 19*u + 282 = 1081 + 911. What is the remainder when 147 is divided by u?
57
Let j(t) = -69*t + 245. Calculate the remainder when j(-8) is divided by 100.
97
Let d = 79 + -74. Suppose 5*s + 9 = 34. Suppose 18 = 2*t - s*c, -3*t = t + 2*c - 60. What is the remainder when t is divided by d?
4
Let j(m) = -14*m + 21*m - 2 + 1. Suppose 0 = 99*y - 95*y + a - 19, -4*y + 22 = 2*a. Calculate the remainder when j(1) is divided by y.
2
Suppose 7*a + 33*l = 34*l + 703, -5*a = -l - 501. What is the remainder when 160 is divided by a?
59
Let d(s) = -s**2 - 14*s - 43. Let p = -66 - -59. What is the remainder when 51 is divided by d(p)?
3
Let s(m) = 72*m**3 - 3*m**2 + 14*m - 16. Calculate the remainder when s(2) is divided by 281.
14
Suppose 0 = -w - 2*n + 81, -22*n + 248 = 3*w - 17*n. What is the remainder when 131 is divided by w?
40
Suppose 10*h - 236 - 2452 + 508 = 0. Calculate the remainder when h is divided by 63.
29
Let l(s) be the third derivative of s**6/120 - s**5/30 + s**4/12 + 7*s**3/3 + 79*s**2. What is the remainder when 42 is divided by l(0)?
0
Suppose -11126 - 322 = -24*o. What is the remainder when o is divided by 61?
50
Let y(b) = 186*b + 1509. Calculate the remainder when 223 is divided by y(-8).
13
Let c(l) = 3*l + 21. Let n be c(-7). Suppose -3*r + 165 = f, n = -5*r - 14 + 4. Calculate the remainder when f is divided by 43.
42
Let g = -76 + 76. Suppose -u - 4 = 0, g*u - 17 = -3*v + 2*u. Suppose 0*s = 2*s + v*w - 12, -3*s + 35 = -4*w. What is the remainder when 25 is divided by s?
7
Let a(t) = -289*t**3 + 9*t + 8. Calculate the remainder when a(-1) is divided by 47.
6
Suppose 322 = 2*v + 2*t, 6*v + 4*t + 660 = 10*v. Calculate the remainder when v is divided by 22.
9
Let r be 6340/26 + (-62)/(-403). Suppose 0 = 2*x + 68 - r. What is the remainder when x is divided by 18?
16
Suppose 41*p - 40*p - 9 = 0. Suppose -12 = -p*n + 33. What is the remainder when 44 is divided by n?
4
Let r(y) = -357*y + 1599. What is the remainder when r(-9) is divided by 58?
56
Suppose 99 = -13*x - 616. Let z = x + 58. Suppose -h = -z*v - 38, -146 = -5*h - 0*h + 4*v. Calculate the remainder when 50 is divided by h.
24
Suppose 472 = -108*k + 1012. Calculate the remainder when 1704 is divided by k.
4
Let r(y) = -y**2 - 97*y - 2213. Calculate the remainder when 72 is divided by r(-58).
23
Suppose 0 = 2*r - 21*r + 114. Suppose 0 = 4*i + 5*j - 84, -r*i + 14 = -5*i + 3*j. Calculate the remainder when i is divided by 8.
2
Let k be 1 - (-10)/(50/15). What is the remainder when 137 is divided by ((-2)/4)/(1*k/(-160))?
17
Let v(a) = 161*a**3 - 14*a**2 + 27*a - 6. Calculate the remainder when v(2) is divided by 21.
20
Suppose 2*m - 5*m - 3*s = 12, 0 = 3*m + 5*s + 8. Suppose -3 = -3*f - 12. What is the remainder when (0 - m/f)/(4/(-6)) is divided by 3?
0
Let s be 362 + 1 - (40/4 + -13). Let i = 384 - s. Calculate the remainder when 40 is divided by i.
4
Let n = 1276 + -148. Suppose -n = -0*m - 12*m. Suppose 0*b - 5*b + 115 = 4*j, 2*b = 6. What is the remainder when m is divided by j?
19
Suppose 9*h - 12 - 6 = 0. Let k(o) = 24*o - 10. Let i = -33 - -53. What is the remainder when k(h) is divided by i?
18
Suppose -k = -5*k - 4*r - 108, -2*k - 3*r = 49. Let i = -5 - k. What is the remainder when 93 is divided by i?
12
Let g(w) = -w**2 - 55*w + 15 + 149*w - 47*w - 61*w. Calculate the 